{"id":2,"date":"2023-08-08T21:35:53","date_gmt":"2023-08-08T21:35:53","guid":{"rendered":"https:\/\/webcona.se\/?page_id=2"},"modified":"2023-08-08T22:07:28","modified_gmt":"2023-08-08T22:07:28","slug":"home","status":"publish","type":"page","link":"https:\/\/webcona.se\/","title":{"rendered":"Webcona"},"content":{"rendered":"\n<p>Webcona (tidigare JR Media) \u00e4r ett webbkonsult f\u00f6retag som funnits i snart 25 \u00e5r<br>Vi \u00e4r experter p\u00e5 och erbjuder f\u00f6ljande tj\u00e4nster:<\/p>\n\n\n\n<ul>\n<li>Bygga, uppdatera, underh\u00e5lla och utveckla hemsidor &amp; webbutiker<\/li>\n\n\n\n<li>Flytt eller migrering av hemsidor\/butiker till annat system eller server\/webbhotell<\/li>\n\n\n\n<li>Serveradministration (cPanel\/Linux servrar) <br>Underh\u00e5ll, support, s\u00e4kerhet, optimering, backups<\/li>\n\n\n\n<li>SEO, s\u00f6kmotoroptimering<\/li>\n\n\n\n<li>Google ADS &amp; Google shopping (Certifierad)<\/li>\n\n\n\n<li>Facebook annonsering<\/li>\n\n\n\n<li>Webbhotell &amp; dedikerade servrar<\/li>\n<\/ul>\n\n\n\n<p><\/p>\n\n\n\n<p><strong>Kontakt<\/strong>: info@webcona.se<\/p>\n\n\n\n<p><\/p>\n\n\n\n<p><\/p>\n","protected":false},"excerpt":{"rendered":"<p>Webcona (tidigare JR Media) \u00e4r ett webbkonsult f\u00f6retag som funnits i snart 25 \u00e5rVi \u00e4r experter p\u00e5 och erbjuder f\u00f6ljande tj\u00e4nster: Kontakt: info@webcona.se<\/p>\n","protected":false},"author":1,"featured_media":0,"parent":0,"menu_order":0,"comment_status":"closed","ping_status":"closed","template":"","meta":[],"yoast_head":"<!-- This site is optimized with the Yoast SEO plugin v20.13 - https:\/\/yoast.com\/wordpress\/plugins\/seo\/ -->\n<title>Webbkonsulting | Webcona.se<\/title>\n<meta name=\"description\" content=\"Beh\u00f6ver du hj\u00e4lp med hemsida, shop eller server? Som webbkonsult \u00e4r vi experter p\u00e5 hemsidor, webbhotell, servrar, SEO, Google Ads och mycket annat.\" \/>\n<meta name=\"robots\" content=\"index, follow, max-snippet:-1, max-image-preview:large, max-video-preview:-1\" \/>\n<link rel=\"canonical\" href=\"https:\/\/webcona.se\/\" \/>\n<meta property=\"og:locale\" content=\"en_US\" \/>\n<meta property=\"og:type\" content=\"article\" \/>\n<meta property=\"og:title\" content=\"Webbkonsulting | Webcona.se\" \/>\n<meta property=\"og:description\" content=\"Beh\u00f6ver du hj\u00e4lp med hemsida, shop eller server? Som webbkonsult \u00e4r vi experter p\u00e5 hemsidor, webbhotell, servrar, SEO, Google Ads och mycket annat.\" \/>\n<meta property=\"og:url\" content=\"https:\/\/webcona.se\/\" \/>\n<meta property=\"og:site_name\" content=\"Webcona.se\" \/>\n<meta property=\"article:modified_time\" content=\"2023-08-08T22:07:28+00:00\" \/>\n<meta name=\"twitter:card\" content=\"summary_large_image\" \/>\n<meta name=\"twitter:label1\" content=\"Est. reading time\" \/>\n\t<meta name=\"twitter:data1\" content=\"1 minute\" \/>\n<script type=\"application\/ld+json\" class=\"yoast-schema-graph\">{\"@context\":\"https:\/\/schema.org\",\"@graph\":[{\"@type\":\"WebPage\",\"@id\":\"https:\/\/webcona.se\/\",\"url\":\"https:\/\/webcona.se\/\",\"name\":\"Webbkonsulting | Webcona.se\",\"isPartOf\":{\"@id\":\"https:\/\/webcona.se\/#website\"},\"datePublished\":\"2023-08-08T21:35:53+00:00\",\"dateModified\":\"2023-08-08T22:07:28+00:00\",\"description\":\"Beh\u00f6ver du hj\u00e4lp med hemsida, shop eller server? Som webbkonsult \u00e4r vi experter p\u00e5 hemsidor, webbhotell, servrar, SEO, Google Ads och mycket annat.\",\"breadcrumb\":{\"@id\":\"https:\/\/webcona.se\/#breadcrumb\"},\"inLanguage\":\"en-US\",\"potentialAction\":[{\"@type\":\"ReadAction\",\"target\":[\"https:\/\/webcona.se\/\"]}]},{\"@type\":\"BreadcrumbList\",\"@id\":\"https:\/\/webcona.se\/#breadcrumb\",\"itemListElement\":[{\"@type\":\"ListItem\",\"position\":1,\"name\":\"Home\",\"item\":\"https:\/\/webcona.se\/\"},{\"@type\":\"ListItem\",\"position\":2,\"name\":\"Webcona\"}]},{\"@type\":\"WebSite\",\"@id\":\"https:\/\/webcona.se\/#website\",\"url\":\"https:\/\/webcona.se\/\",\"name\":\"Webcona.se\",\"description\":\"\",\"potentialAction\":[{\"@type\":\"SearchAction\",\"target\":{\"@type\":\"EntryPoint\",\"urlTemplate\":\"https:\/\/webcona.se\/?s={search_term_string}\"},\"query-input\":\"required name=search_term_string\"}],\"inLanguage\":\"en-US\"}]}<\/script>\n<!-- \/ Yoast SEO plugin. -->","yoast_head_json":{"title":"Webbkonsulting | Webcona.se","description":"Beh\u00f6ver du hj\u00e4lp med hemsida, shop eller server? Som webbkonsult \u00e4r vi experter p\u00e5 hemsidor, webbhotell, servrar, SEO, Google Ads och mycket annat.","robots":{"index":"index","follow":"follow","max-snippet":"max-snippet:-1","max-image-preview":"max-image-preview:large","max-video-preview":"max-video-preview:-1"},"canonical":"https:\/\/webcona.se\/","og_locale":"en_US","og_type":"article","og_title":"Webbkonsulting | Webcona.se","og_description":"Beh\u00f6ver du hj\u00e4lp med hemsida, shop eller server? Som webbkonsult \u00e4r vi experter p\u00e5 hemsidor, webbhotell, servrar, SEO, Google Ads och mycket annat.","og_url":"https:\/\/webcona.se\/","og_site_name":"Webcona.se","article_modified_time":"2023-08-08T22:07:28+00:00","twitter_card":"summary_large_image","twitter_misc":{"Est. reading time":"1 minute"},"schema":{"@context":"https:\/\/schema.org","@graph":[{"@type":"WebPage","@id":"https:\/\/webcona.se\/","url":"https:\/\/webcona.se\/","name":"Webbkonsulting | Webcona.se","isPartOf":{"@id":"https:\/\/webcona.se\/#website"},"datePublished":"2023-08-08T21:35:53+00:00","dateModified":"2023-08-08T22:07:28+00:00","description":"Beh\u00f6ver du hj\u00e4lp med hemsida, shop eller server? Som webbkonsult \u00e4r vi experter p\u00e5 hemsidor, webbhotell, servrar, SEO, Google Ads och mycket annat.","breadcrumb":{"@id":"https:\/\/webcona.se\/#breadcrumb"},"inLanguage":"en-US","potentialAction":[{"@type":"ReadAction","target":["https:\/\/webcona.se\/"]}]},{"@type":"BreadcrumbList","@id":"https:\/\/webcona.se\/#breadcrumb","itemListElement":[{"@type":"ListItem","position":1,"name":"Home","item":"https:\/\/webcona.se\/"},{"@type":"ListItem","position":2,"name":"Webcona"}]},{"@type":"WebSite","@id":"https:\/\/webcona.se\/#website","url":"https:\/\/webcona.se\/","name":"Webcona.se","description":"","potentialAction":[{"@type":"SearchAction","target":{"@type":"EntryPoint","urlTemplate":"https:\/\/webcona.se\/?s={search_term_string}"},"query-input":"required name=search_term_string"}],"inLanguage":"en-US"}]}},"_links":{"self":[{"href":"https:\/\/webcona.se\/index.php\/wp-json\/wp\/v2\/pages\/2"}],"collection":[{"href":"https:\/\/webcona.se\/index.php\/wp-json\/wp\/v2\/pages"}],"about":[{"href":"https:\/\/webcona.se\/index.php\/wp-json\/wp\/v2\/types\/page"}],"author":[{"embeddable":true,"href":"https:\/\/webcona.se\/index.php\/wp-json\/wp\/v2\/users\/1"}],"replies":[{"embeddable":true,"href":"https:\/\/webcona.se\/index.php\/wp-json\/wp\/v2\/comments?post=2"}],"version-history":[{"count":5,"href":"https:\/\/webcona.se\/index.php\/wp-json\/wp\/v2\/pages\/2\/revisions"}],"predecessor-version":[{"id":14,"href":"https:\/\/webcona.se\/index.php\/wp-json\/wp\/v2\/pages\/2\/revisions\/14"}],"wp:attachment":[{"href":"https:\/\/webcona.se\/index.php\/wp-json\/wp\/v2\/media?parent=2"}],"curies":[{"name":"wp","href":"https:\/\/api.w.org\/{rel}","templated":true}]}}